{"id":113,"date":"2020-06-26T16:02:27","date_gmt":"2020-06-26T14:02:27","guid":{"rendered":"https:\/\/value.invalsi.it\/portale\/?page_id=113"},"modified":"2021-05-07T14:54:53","modified_gmt":"2021-05-07T12:54:53","slug":"documenti-home","status":"publish","type":"page","link":"https:\/\/value.invalsi.it\/portale\/strumenti\/documenti-home\/","title":{"rendered":"RicercAperta"},"content":{"rendered":"\r\n<p><\/p>\r\n\r\n\r\n\r\n<p><br><strong>Il Repository \u00e8:<\/strong><\/p>\r\n\r\n\r\n\r\n<ul><li>uno strumento utile per diffondere la cultura della valutazione e le sue competenze<\/li><li>uno strumento di interscambio culturale con i ricercatori di tutto il mondo <\/li><li>uno strumento collaborativo con gli stakeholder delle attivit\u00e0 progettuali <\/li><li>un ponte tra ricerca e politiche pubbliche  <\/li><li>uno strumento di rendicontazione in sede nazionale, europea ed internazionale <\/li><li>Uno strumento accessibile al pubblico<\/li><\/ul>\r\n\r\n\r\n\r\n<p><\/p>\r\n\r\n\r\n\r\n<p><\/p>\r\n\r\n\r\n\r\n<p><br><strong>Obiettivo: il pieno accesso alla ricerca<\/strong><br><\/p>\r\n\r\n\r\n\r\n<p>Inoltre, tra i diversi vantaggi che un Repository presenta ricordiamo che: l\u2019accesso aperto alla produzione scientifica rende visibile l\u2019attivit\u00e0 scientifica progettuale, istituzionale e dei singoli autori; l\u2019indicizzazione degli articoli archiviati su depositi istituzionali da parte dei motori di ricerca; accresce la visibilit\u00e0 e la ricercabilit\u00e0 degli articoli incrementando gli indici citazionali; la possibilit\u00e0 di accedere alle pubblicazioni prodotte dal Gruppo di ricerca consente di consultare i prodotti Open Source fornendo un contributo al risparmio economico e ambientale.<\/p>\r\n\r\n\r\n\r\n<p><\/p>\r\n\r\n\r\n\r\n<p>  <strong>Organizzazione del Repository<\/strong><\/p>\r\n\r\n\r\n\r\n<p> <\/p>\r\n\r\n\r\n\r\n<p>Il Repository \u00e8 organizzato per aree tematiche e ciascun documento ospitato, oltre ad essere classificato per tipo di pubblicazione e per potenziale platea di interesse, \u00e8 indicizzato con una serie di parole chiave tratte dal <em>TESE <\/em> \u2013 <em> Thesaurus europeo dei sistemi educativi<\/em>, che ne identificano il soggetto specifico al fine di facilitarne la reperibilit\u00e0 all\u2019interno dell\u2019archivio. Prodotto in seno alla rete istituzionale europea Eurydice, il TESE (edizione 2009) \u00e8 un thesaurus multilingue che rappresenta il risultato di un\u2019intensa collaborazione tra esperti internazionali nei vari settori coinvolti e costituisce un importante strumento di riferimento per la classificazione di informazioni relative ai sistemi e alle politiche educative in Europa. <\/p>\r\n","protected":false},"excerpt":{"rendered":"<p>Il Repository \u00e8: uno strumento utile per diffondere la<\/p>\n","protected":false},"author":1,"featured_media":0,"parent":247,"menu_order":0,"comment_status":"closed","ping_status":"closed","template":"page-templates\/documents.php","meta":{"_relevanssi_hide_post":"","_relevanssi_pin_for_all":"","_relevanssi_pin_keywords":"","_relevanssi_unpin_keywords":"","_relevanssi_related_keywords":"","_relevanssi_related_include_ids":"","_relevanssi_related_exclude_ids":"","_relevanssi_related_no_append":"","_relevanssi_related_not_related":"","_relevanssi_related_posts":"1","_relevanssi_noindex_reason":"","footnotes":""},"coauthors":[36],"yoast_head":"<!-- This site is optimized with the Yoast SEO plugin v21.5 - https:\/\/yoast.com\/wordpress\/plugins\/seo\/ -->\n<title>RicercAperta - Valu.E Gate<\/title>\n<meta name=\"robots\" content=\"index, follow, max-snippet:-1, max-image-preview:large, max-video-preview:-1\" \/>\n<link rel=\"canonical\" href=\"https:\/\/value.invalsi.it\/portale\/strumenti\/documenti-home\/\" \/>\n<meta property=\"og:locale\" content=\"it_IT\" \/>\n<meta property=\"og:type\" content=\"article\" \/>\n<meta property=\"og:title\" content=\"RicercAperta - Valu.E Gate\" \/>\n<meta property=\"og:description\" content=\"Il Repository \u00e8: uno strumento utile per diffondere la\" \/>\n<meta property=\"og:url\" content=\"https:\/\/value.invalsi.it\/portale\/strumenti\/documenti-home\/\" \/>\n<meta property=\"og:site_name\" content=\"Valu.E Gate\" \/>\n<meta property=\"article:modified_time\" content=\"2021-05-07T12:54:53+00:00\" \/>\n<meta name=\"twitter:card\" content=\"summary_large_image\" \/>\n<meta name=\"twitter:label1\" content=\"Tempo di lettura stimato\" \/>\n\t<meta name=\"twitter:data1\" content=\"1 minuto\" \/>\n\t<meta name=\"twitter:label2\" content=\"Written by\" \/>\n\t<meta name=\"twitter:data2\" content=\"admin\" \/>\n<script type=\"application\/ld+json\" class=\"yoast-schema-graph\">{\"@context\":\"https:\/\/schema.org\",\"@graph\":[{\"@type\":\"WebPage\",\"@id\":\"https:\/\/value.invalsi.it\/portale\/strumenti\/documenti-home\/\",\"url\":\"https:\/\/value.invalsi.it\/portale\/strumenti\/documenti-home\/\",\"name\":\"RicercAperta - Valu.E Gate\",\"isPartOf\":{\"@id\":\"https:\/\/value.invalsi.it\/portale\/#website\"},\"datePublished\":\"2020-06-26T14:02:27+00:00\",\"dateModified\":\"2021-05-07T12:54:53+00:00\",\"breadcrumb\":{\"@id\":\"https:\/\/value.invalsi.it\/portale\/strumenti\/documenti-home\/#breadcrumb\"},\"inLanguage\":\"it-IT\",\"potentialAction\":[{\"@type\":\"ReadAction\",\"target\":[\"https:\/\/value.invalsi.it\/portale\/strumenti\/documenti-home\/\"]}]},{\"@type\":\"BreadcrumbList\",\"@id\":\"https:\/\/value.invalsi.it\/portale\/strumenti\/documenti-home\/#breadcrumb\",\"itemListElement\":[{\"@type\":\"ListItem\",\"position\":1,\"name\":\"Strumenti\",\"item\":\"https:\/\/value.invalsi.it\/portale\/strumenti\/\"},{\"@type\":\"ListItem\",\"position\":2,\"name\":\"RicercAperta\"}]},{\"@type\":\"WebSite\",\"@id\":\"https:\/\/value.invalsi.it\/portale\/#website\",\"url\":\"https:\/\/value.invalsi.it\/portale\/\",\"name\":\"Valu.E Gate\",\"description\":\"Percorsi valutativi per la scuola\",\"publisher\":{\"@id\":\"https:\/\/value.invalsi.it\/portale\/#organization\"},\"potentialAction\":[{\"@type\":\"SearchAction\",\"target\":{\"@type\":\"EntryPoint\",\"urlTemplate\":\"https:\/\/value.invalsi.it\/portale\/?s={search_term_string}\"},\"query-input\":\"required name=search_term_string\"}],\"inLanguage\":\"it-IT\"},{\"@type\":\"Organization\",\"@id\":\"https:\/\/value.invalsi.it\/portale\/#organization\",\"name\":\"Valu.E Gate\",\"url\":\"https:\/\/value.invalsi.it\/portale\/\",\"logo\":{\"@type\":\"ImageObject\",\"inLanguage\":\"it-IT\",\"@id\":\"https:\/\/value.invalsi.it\/portale\/#\/schema\/logo\/image\/\",\"url\":\"https:\/\/value.invalsi.it\/portale\/wp-content\/uploads\/2020\/10\/logo-valuegate-1.png\",\"contentUrl\":\"https:\/\/value.invalsi.it\/portale\/wp-content\/uploads\/2020\/10\/logo-valuegate-1.png\",\"width\":234,\"height\":80,\"caption\":\"Valu.E Gate\"},\"image\":{\"@id\":\"https:\/\/value.invalsi.it\/portale\/#\/schema\/logo\/image\/\"}}]}<\/script>\n<!-- \/ Yoast SEO plugin. -->","yoast_head_json":{"title":"RicercAperta - Valu.E Gate","robots":{"index":"index","follow":"follow","max-snippet":"max-snippet:-1","max-image-preview":"max-image-preview:large","max-video-preview":"max-video-preview:-1"},"canonical":"https:\/\/value.invalsi.it\/portale\/strumenti\/documenti-home\/","og_locale":"it_IT","og_type":"article","og_title":"RicercAperta - Valu.E Gate","og_description":"Il Repository \u00e8: uno strumento utile per diffondere la","og_url":"https:\/\/value.invalsi.it\/portale\/strumenti\/documenti-home\/","og_site_name":"Valu.E Gate","article_modified_time":"2021-05-07T12:54:53+00:00","twitter_card":"summary_large_image","twitter_misc":{"Tempo di lettura stimato":"1 minuto","Written by":"admin"},"schema":{"@context":"https:\/\/schema.org","@graph":[{"@type":"WebPage","@id":"https:\/\/value.invalsi.it\/portale\/strumenti\/documenti-home\/","url":"https:\/\/value.invalsi.it\/portale\/strumenti\/documenti-home\/","name":"RicercAperta - Valu.E Gate","isPartOf":{"@id":"https:\/\/value.invalsi.it\/portale\/#website"},"datePublished":"2020-06-26T14:02:27+00:00","dateModified":"2021-05-07T12:54:53+00:00","breadcrumb":{"@id":"https:\/\/value.invalsi.it\/portale\/strumenti\/documenti-home\/#breadcrumb"},"inLanguage":"it-IT","potentialAction":[{"@type":"ReadAction","target":["https:\/\/value.invalsi.it\/portale\/strumenti\/documenti-home\/"]}]},{"@type":"BreadcrumbList","@id":"https:\/\/value.invalsi.it\/portale\/strumenti\/documenti-home\/#breadcrumb","itemListElement":[{"@type":"ListItem","position":1,"name":"Strumenti","item":"https:\/\/value.invalsi.it\/portale\/strumenti\/"},{"@type":"ListItem","position":2,"name":"RicercAperta"}]},{"@type":"WebSite","@id":"https:\/\/value.invalsi.it\/portale\/#website","url":"https:\/\/value.invalsi.it\/portale\/","name":"Valu.E Gate","description":"Percorsi valutativi per la scuola","publisher":{"@id":"https:\/\/value.invalsi.it\/portale\/#organization"},"potentialAction":[{"@type":"SearchAction","target":{"@type":"EntryPoint","urlTemplate":"https:\/\/value.invalsi.it\/portale\/?s={search_term_string}"},"query-input":"required name=search_term_string"}],"inLanguage":"it-IT"},{"@type":"Organization","@id":"https:\/\/value.invalsi.it\/portale\/#organization","name":"Valu.E Gate","url":"https:\/\/value.invalsi.it\/portale\/","logo":{"@type":"ImageObject","inLanguage":"it-IT","@id":"https:\/\/value.invalsi.it\/portale\/#\/schema\/logo\/image\/","url":"https:\/\/value.invalsi.it\/portale\/wp-content\/uploads\/2020\/10\/logo-valuegate-1.png","contentUrl":"https:\/\/value.invalsi.it\/portale\/wp-content\/uploads\/2020\/10\/logo-valuegate-1.png","width":234,"height":80,"caption":"Valu.E Gate"},"image":{"@id":"https:\/\/value.invalsi.it\/portale\/#\/schema\/logo\/image\/"}}]}},"_links":{"self":[{"href":"https:\/\/value.invalsi.it\/portale\/wp-json\/wp\/v2\/pages\/113"}],"collection":[{"href":"https:\/\/value.invalsi.it\/portale\/wp-json\/wp\/v2\/pages"}],"about":[{"href":"https:\/\/value.invalsi.it\/portale\/wp-json\/wp\/v2\/types\/page"}],"author":[{"embeddable":true,"href":"https:\/\/value.invalsi.it\/portale\/wp-json\/wp\/v2\/users\/1"}],"replies":[{"embeddable":true,"href":"https:\/\/value.invalsi.it\/portale\/wp-json\/wp\/v2\/comments?post=113"}],"version-history":[{"count":35,"href":"https:\/\/value.invalsi.it\/portale\/wp-json\/wp\/v2\/pages\/113\/revisions"}],"predecessor-version":[{"id":1812,"href":"https:\/\/value.invalsi.it\/portale\/wp-json\/wp\/v2\/pages\/113\/revisions\/1812"}],"up":[{"embeddable":true,"href":"https:\/\/value.invalsi.it\/portale\/wp-json\/wp\/v2\/pages\/247"}],"wp:attachment":[{"href":"https:\/\/value.invalsi.it\/portale\/wp-json\/wp\/v2\/media?parent=113"}],"wp:term":[{"taxonomy":"author","embeddable":true,"href":"https:\/\/value.invalsi.it\/portale\/wp-json\/wp\/v2\/coauthors?post=113"}],"curies":[{"name":"wp","href":"https:\/\/api.w.org\/{rel}","templated":true}]}}