{"id":2398,"date":"2023-03-09T15:53:30","date_gmt":"2023-03-09T14:53:30","guid":{"rendered":"https:\/\/value.invalsi.it\/portale\/?page_id=2398"},"modified":"2023-11-23T17:01:03","modified_gmt":"2023-11-23T16:01:03","slug":"e-tivity-fading","status":"publish","type":"page","link":"https:\/\/value.invalsi.it\/portale\/strumenti\/valu-e-for-schools\/e-tivity-fading\/","title":{"rendered":"E-tivity FADING"},"content":{"rendered":"\r\n<p>Nell\u2019ambito dalla ricerca\/azione <a href=\"https:\/\/value.invalsi.it\/portale\/strumenti\/valu-e-for-schools\/\" target=\"_blank\" rel=\"noreferrer noopener\" aria-label=\"Valu.E for Schools (apre in una nuova scheda)\">Valu.E for Schools<\/a> denominata <strong>FADING \u2013 Formare all\u2019Autovalutazione Dirigenti e Insegnanti, Networking e Gestione di processo<\/strong> \u2013 e condotta dal Consorzio Interuniversitario composto dai centri di ricerca delle Universit\u00e0 di Milano Cattolica (Cremit), Bologna (SmaIL) e Torino (Cinedumedia) &#8211; le scuole del Nord Italia sono state coinvolte in <em>e-tivity<\/em>, intese come parte integrante dell&#8217;attivit\u00e0 progettuale e finalizzate a organizzare l&#8217;analisi e l&#8217;apprendimento con modalit\u00e0 attive e partecipative.<\/p>\r\n\r\n\r\n\r\n<p>Le <em>e-tivity<\/em> si propongono di contribuire allo sviluppo professionale del personale docente, progettare azioni di intervento migliorative, migliorare le capacit\u00e0 di rendicontazione avviando una riflessione su prodotti e processi. Tale strumento \u00e8 stato utilizzato a pi\u00f9 riprese dalle scuole per l&#8217;intera durata dell&#8217;intervento.<\/p>\r\n\r\n\r\n\r\n<p>In particolare, in fase di avvio, gli operatori del Consorzio hanno sintetizzato, attraverso un <a href=\"https:\/\/value.invalsi.it\/portale\/wp-content\/uploads\/2023\/02\/75_AUT1.mp4\" target=\"_blank\" rel=\"noreferrer noopener\" aria-label=\"mash-up dei vari video di presentazione autoprodotti dalle scuole (apre in una nuova scheda)\"><em>mash-up<\/em>, i vari video di presentazione realizzati da ciascuna scuola<\/a> per illustrare le proprie attivit\u00e0 e le aspettative rispetto alla specifica attivit\u00e0 progettuale e al tema della valutazione pi\u00f9 in generale.<\/p>\r\n\r\n\r\n\r\n<p>A conclusione del progetto \u00e8 stato chiesto ai NIV (Nuclei Interni di Valutazione) delle scuole coinvolte di realizzare un\u2019attivit\u00e0 di <em>storytelling<\/em> tramite video al fine di promuovere la riflessivit\u00e0 del NIV, nonch\u00e9 sostenere la diffusione della conoscenza sul processo di autovalutazione e la crescita della cultura autovalutativa all\u2019interno di ciascun istituto.<\/p>\r\n\r\n\r\n\r\n<p><strong><em>E-tivity<\/em> di fine progetto:<\/strong><\/p>\r\n\r\n\r\n\r\n<ul>\r\n<li><a href=\"https:\/\/value.invalsi.it\/portale\/wp-content\/uploads\/2023\/02\/18_Pon-Value-video-CASAROLI.mp4\" target=\"_blank\" rel=\"noreferrer noopener\" aria-label=\"IC Cardinale Agostino Casaroli, Castel San Giovanni (PC) (apre in una nuova scheda)\">IC Cardinale Agostino Casaroli, Castel San Giovanni (PC)<\/a><\/li>\r\n<li><a href=\"https:\/\/value.invalsi.it\/portale\/wp-content\/uploads\/2023\/02\/14_Cronilde-Musso-E-Tivity4.mp4\" target=\"_blank\" rel=\"noreferrer noopener\" aria-label=\"IC Cronilde Musso, Trecate (NO) (apre in una nuova scheda)\">IC Cronilde Musso, Trecate (NO)<\/a><\/li>\r\n<li><a href=\"https:\/\/value.invalsi.it\/portale\/wp-content\/uploads\/2023\/02\/15_G-Galiei-Colico.mp4\" target=\"_blank\" rel=\"noreferrer noopener\" aria-label=\"IC Galileo Galilei, Colico (LC) (apre in una nuova scheda)\">IC Galileo Galilei, Colico (LC)<\/a><\/li>\r\n<li><a href=\"https:\/\/value.invalsi.it\/portale\/wp-content\/uploads\/2023\/02\/19_M-Anzi-Bormio.mp4\" target=\"_blank\" rel=\"noreferrer noopener\" aria-label=\"IC Martino Anzi, Bormio (SO) (apre in una nuova scheda)\">IC Martino Anzi, Bormio (SO)<\/a><\/li>\r\n<li>IC Pacifico Ramati, Cerano (NO) <a href=\"https:\/\/value.invalsi.it\/portale\/wp-content\/uploads\/2023\/02\/23_RAM1.mp4\" target=\"_blank\" rel=\"noreferrer noopener\" aria-label=\"prima parte (apre in una nuova scheda)\">prima parte<\/a> &#8211; <a href=\"https:\/\/value.invalsi.it\/portale\/wp-content\/uploads\/2023\/02\/24_RAM1.mp4\" target=\"_blank\" rel=\"noreferrer noopener\" aria-label=\"seconda parte (apre in una nuova scheda)\">seconda parte<\/a><\/li>\r\n<li><a href=\"https:\/\/value.invalsi.it\/portale\/wp-content\/uploads\/2023\/02\/22_Rita-Levi-E-Tivity-4.mp4\" target=\"_blank\" rel=\"noreferrer noopener\" aria-label=\"IC Rita Levi Montalcini, Novara (NO) (apre in una nuova scheda)\">IC Rita Levi Montalcini, Novara (NO)<\/a><\/li>\r\n<li><a href=\"https:\/\/value.invalsi.it\/portale\/wp-content\/uploads\/2023\/02\/26_San-Giulio-E-tivity-4.mp4\" target=\"_blank\" rel=\"noreferrer noopener\" aria-label=\"IC San Giulio, San Maurizio D'Opaglio (NO)  (apre in una nuova scheda)\">IC San Giulio, San Maurizio D&#8217;Opaglio (NO) <\/a><\/li>\r\n<li><a href=\"https:\/\/value.invalsi.it\/portale\/wp-content\/uploads\/2023\/02\/21_AUT1.mp4\" target=\"_blank\" rel=\"noreferrer noopener\" aria-label=\"IC Ugo Amaldi, Cadeo (PC)  (apre in una nuova scheda)\">IC Ugo Amaldi, Cadeo (PC) <\/a><\/li>\r\n<li><a href=\"https:\/\/value.invalsi.it\/portale\/wp-content\/uploads\/2023\/02\/16_VIDEO-NIV-SECONDO-circolo.mp4\" target=\"_blank\" rel=\"noreferrer noopener\" aria-label=\"II CD Piacenza (PC)  (apre in una nuova scheda)\">II CD Piacenza (PC) <\/a><\/li>\r\n<li><a href=\"https:\/\/value.invalsi.it\/portale\/wp-content\/uploads\/2023\/02\/20_e-tivity-4-IIICD-Piacenza.mp4\" target=\"_blank\" rel=\"noreferrer noopener\" aria-label=\"III CD Piacenza\u00a0 (PC)  (apre in una nuova scheda)\">III CD Piacenza\u00a0 (PC) <\/a><\/li>\r\n<li><a href=\"https:\/\/value.invalsi.it\/portale\/wp-content\/uploads\/2023\/02\/17_SCU1.mp4\" target=\"_blank\" rel=\"noreferrer noopener\" aria-label=\"Scuola Secondaria di I Grado Italo Calvino, Piacenza (PC) (apre in una nuova scheda)\">Scuola Secondaria di I Grado Italo Calvino, Piacenza (PC)<\/a><\/li>\r\n<\/ul>\r\n\r\n\r\n\r\n<p>&nbsp;<\/p>\r\n","protected":false},"excerpt":{"rendered":"<p>Nell\u2019ambito dalla ricerca\/azione Valu.E for Schools denominata FADING \u2013<\/p>\n","protected":false},"author":19,"featured_media":2630,"parent":239,"menu_order":0,"comment_status":"closed","ping_status":"closed","template":"page-templates\/fullwidthpage.php","meta":{"_relevanssi_hide_post":"","_relevanssi_pin_for_all":"","_relevanssi_pin_keywords":"","_relevanssi_unpin_keywords":"","_relevanssi_related_keywords":"","_relevanssi_related_include_ids":"","_relevanssi_related_exclude_ids":"","_relevanssi_related_no_append":"","_relevanssi_related_not_related":"","_relevanssi_related_posts":"","_relevanssi_noindex_reason":"","footnotes":""},"coauthors":[1246],"yoast_head":"<!-- This site is optimized with the Yoast SEO plugin v21.5 - https:\/\/yoast.com\/wordpress\/plugins\/seo\/ -->\n<title>E-tivity FADING - Valu.E Gate<\/title>\n<meta name=\"robots\" content=\"index, follow, max-snippet:-1, max-image-preview:large, max-video-preview:-1\" \/>\n<link rel=\"canonical\" href=\"https:\/\/value.invalsi.it\/portale\/strumenti\/valu-e-for-schools\/e-tivity-fading\/\" \/>\n<meta property=\"og:locale\" content=\"it_IT\" \/>\n<meta property=\"og:type\" content=\"article\" \/>\n<meta property=\"og:title\" content=\"E-tivity FADING - Valu.E Gate\" \/>\n<meta property=\"og:description\" content=\"Nell\u2019ambito dalla ricerca\/azione Valu.E for Schools denominata FADING \u2013\" \/>\n<meta property=\"og:url\" content=\"https:\/\/value.invalsi.it\/portale\/strumenti\/valu-e-for-schools\/e-tivity-fading\/\" \/>\n<meta property=\"og:site_name\" content=\"Valu.E Gate\" \/>\n<meta property=\"article:modified_time\" content=\"2023-11-23T16:01:03+00:00\" \/>\n<meta property=\"og:image\" content=\"https:\/\/value.invalsi.it\/portale\/wp-content\/uploads\/2023\/11\/default_news.png\" \/>\n\t<meta property=\"og:image:width\" content=\"150\" \/>\n\t<meta property=\"og:image:height\" content=\"150\" \/>\n\t<meta property=\"og:image:type\" content=\"image\/png\" \/>\n<meta name=\"twitter:card\" content=\"summary_large_image\" \/>\n<meta name=\"twitter:label1\" content=\"Tempo di lettura stimato\" \/>\n\t<meta name=\"twitter:data1\" content=\"2 minuti\" \/>\n\t<meta name=\"twitter:label2\" content=\"Written by\" \/>\n\t<meta name=\"twitter:data2\" content=\"Roberta Cristallo\" \/>\n<script type=\"application\/ld+json\" class=\"yoast-schema-graph\">{\"@context\":\"https:\/\/schema.org\",\"@graph\":[{\"@type\":\"WebPage\",\"@id\":\"https:\/\/value.invalsi.it\/portale\/strumenti\/valu-e-for-schools\/e-tivity-fading\/\",\"url\":\"https:\/\/value.invalsi.it\/portale\/strumenti\/valu-e-for-schools\/e-tivity-fading\/\",\"name\":\"E-tivity FADING - Valu.E Gate\",\"isPartOf\":{\"@id\":\"https:\/\/value.invalsi.it\/portale\/#website\"},\"datePublished\":\"2023-03-09T14:53:30+00:00\",\"dateModified\":\"2023-11-23T16:01:03+00:00\",\"breadcrumb\":{\"@id\":\"https:\/\/value.invalsi.it\/portale\/strumenti\/valu-e-for-schools\/e-tivity-fading\/#breadcrumb\"},\"inLanguage\":\"it-IT\",\"potentialAction\":[{\"@type\":\"ReadAction\",\"target\":[\"https:\/\/value.invalsi.it\/portale\/strumenti\/valu-e-for-schools\/e-tivity-fading\/\"]}]},{\"@type\":\"BreadcrumbList\",\"@id\":\"https:\/\/value.invalsi.it\/portale\/strumenti\/valu-e-for-schools\/e-tivity-fading\/#breadcrumb\",\"itemListElement\":[{\"@type\":\"ListItem\",\"position\":1,\"name\":\"Strumenti\",\"item\":\"https:\/\/value.invalsi.it\/portale\/strumenti\/\"},{\"@type\":\"ListItem\",\"position\":2,\"name\":\"Valu.E for Schools\",\"item\":\"https:\/\/value.invalsi.it\/portale\/strumenti\/valu-e-for-schools\/\"},{\"@type\":\"ListItem\",\"position\":3,\"name\":\"E-tivity FADING\"}]},{\"@type\":\"WebSite\",\"@id\":\"https:\/\/value.invalsi.it\/portale\/#website\",\"url\":\"https:\/\/value.invalsi.it\/portale\/\",\"name\":\"Valu.E Gate\",\"description\":\"Percorsi valutativi per la scuola\",\"publisher\":{\"@id\":\"https:\/\/value.invalsi.it\/portale\/#organization\"},\"potentialAction\":[{\"@type\":\"SearchAction\",\"target\":{\"@type\":\"EntryPoint\",\"urlTemplate\":\"https:\/\/value.invalsi.it\/portale\/?s={search_term_string}\"},\"query-input\":\"required name=search_term_string\"}],\"inLanguage\":\"it-IT\"},{\"@type\":\"Organization\",\"@id\":\"https:\/\/value.invalsi.it\/portale\/#organization\",\"name\":\"Valu.E Gate\",\"url\":\"https:\/\/value.invalsi.it\/portale\/\",\"logo\":{\"@type\":\"ImageObject\",\"inLanguage\":\"it-IT\",\"@id\":\"https:\/\/value.invalsi.it\/portale\/#\/schema\/logo\/image\/\",\"url\":\"https:\/\/value.invalsi.it\/portale\/wp-content\/uploads\/2020\/10\/logo-valuegate-1.png\",\"contentUrl\":\"https:\/\/value.invalsi.it\/portale\/wp-content\/uploads\/2020\/10\/logo-valuegate-1.png\",\"width\":234,\"height\":80,\"caption\":\"Valu.E Gate\"},\"image\":{\"@id\":\"https:\/\/value.invalsi.it\/portale\/#\/schema\/logo\/image\/\"}}]}<\/script>\n<!-- \/ Yoast SEO plugin. -->","yoast_head_json":{"title":"E-tivity FADING - Valu.E Gate","robots":{"index":"index","follow":"follow","max-snippet":"max-snippet:-1","max-image-preview":"max-image-preview:large","max-video-preview":"max-video-preview:-1"},"canonical":"https:\/\/value.invalsi.it\/portale\/strumenti\/valu-e-for-schools\/e-tivity-fading\/","og_locale":"it_IT","og_type":"article","og_title":"E-tivity FADING - Valu.E Gate","og_description":"Nell\u2019ambito dalla ricerca\/azione Valu.E for Schools denominata FADING \u2013","og_url":"https:\/\/value.invalsi.it\/portale\/strumenti\/valu-e-for-schools\/e-tivity-fading\/","og_site_name":"Valu.E Gate","article_modified_time":"2023-11-23T16:01:03+00:00","og_image":[{"width":150,"height":150,"url":"https:\/\/value.invalsi.it\/portale\/wp-content\/uploads\/2023\/11\/default_news.png","type":"image\/png"}],"twitter_card":"summary_large_image","twitter_misc":{"Tempo di lettura stimato":"2 minuti","Written by":"Roberta Cristallo"},"schema":{"@context":"https:\/\/schema.org","@graph":[{"@type":"WebPage","@id":"https:\/\/value.invalsi.it\/portale\/strumenti\/valu-e-for-schools\/e-tivity-fading\/","url":"https:\/\/value.invalsi.it\/portale\/strumenti\/valu-e-for-schools\/e-tivity-fading\/","name":"E-tivity FADING - Valu.E Gate","isPartOf":{"@id":"https:\/\/value.invalsi.it\/portale\/#website"},"datePublished":"2023-03-09T14:53:30+00:00","dateModified":"2023-11-23T16:01:03+00:00","breadcrumb":{"@id":"https:\/\/value.invalsi.it\/portale\/strumenti\/valu-e-for-schools\/e-tivity-fading\/#breadcrumb"},"inLanguage":"it-IT","potentialAction":[{"@type":"ReadAction","target":["https:\/\/value.invalsi.it\/portale\/strumenti\/valu-e-for-schools\/e-tivity-fading\/"]}]},{"@type":"BreadcrumbList","@id":"https:\/\/value.invalsi.it\/portale\/strumenti\/valu-e-for-schools\/e-tivity-fading\/#breadcrumb","itemListElement":[{"@type":"ListItem","position":1,"name":"Strumenti","item":"https:\/\/value.invalsi.it\/portale\/strumenti\/"},{"@type":"ListItem","position":2,"name":"Valu.E for Schools","item":"https:\/\/value.invalsi.it\/portale\/strumenti\/valu-e-for-schools\/"},{"@type":"ListItem","position":3,"name":"E-tivity FADING"}]},{"@type":"WebSite","@id":"https:\/\/value.invalsi.it\/portale\/#website","url":"https:\/\/value.invalsi.it\/portale\/","name":"Valu.E Gate","description":"Percorsi valutativi per la scuola","publisher":{"@id":"https:\/\/value.invalsi.it\/portale\/#organization"},"potentialAction":[{"@type":"SearchAction","target":{"@type":"EntryPoint","urlTemplate":"https:\/\/value.invalsi.it\/portale\/?s={search_term_string}"},"query-input":"required name=search_term_string"}],"inLanguage":"it-IT"},{"@type":"Organization","@id":"https:\/\/value.invalsi.it\/portale\/#organization","name":"Valu.E Gate","url":"https:\/\/value.invalsi.it\/portale\/","logo":{"@type":"ImageObject","inLanguage":"it-IT","@id":"https:\/\/value.invalsi.it\/portale\/#\/schema\/logo\/image\/","url":"https:\/\/value.invalsi.it\/portale\/wp-content\/uploads\/2020\/10\/logo-valuegate-1.png","contentUrl":"https:\/\/value.invalsi.it\/portale\/wp-content\/uploads\/2020\/10\/logo-valuegate-1.png","width":234,"height":80,"caption":"Valu.E Gate"},"image":{"@id":"https:\/\/value.invalsi.it\/portale\/#\/schema\/logo\/image\/"}}]}},"_links":{"self":[{"href":"https:\/\/value.invalsi.it\/portale\/wp-json\/wp\/v2\/pages\/2398"}],"collection":[{"href":"https:\/\/value.invalsi.it\/portale\/wp-json\/wp\/v2\/pages"}],"about":[{"href":"https:\/\/value.invalsi.it\/portale\/wp-json\/wp\/v2\/types\/page"}],"author":[{"embeddable":true,"href":"https:\/\/value.invalsi.it\/portale\/wp-json\/wp\/v2\/users\/19"}],"replies":[{"embeddable":true,"href":"https:\/\/value.invalsi.it\/portale\/wp-json\/wp\/v2\/comments?post=2398"}],"version-history":[{"count":19,"href":"https:\/\/value.invalsi.it\/portale\/wp-json\/wp\/v2\/pages\/2398\/revisions"}],"predecessor-version":[{"id":2461,"href":"https:\/\/value.invalsi.it\/portale\/wp-json\/wp\/v2\/pages\/2398\/revisions\/2461"}],"up":[{"embeddable":true,"href":"https:\/\/value.invalsi.it\/portale\/wp-json\/wp\/v2\/pages\/239"}],"wp:featuredmedia":[{"embeddable":true,"href":"https:\/\/value.invalsi.it\/portale\/wp-json\/"}],"wp:attachment":[{"href":"https:\/\/value.invalsi.it\/portale\/wp-json\/wp\/v2\/media?parent=2398"}],"wp:term":[{"taxonomy":"author","embeddable":true,"href":"https:\/\/value.invalsi.it\/portale\/wp-json\/wp\/v2\/coauthors?post=2398"}],"curies":[{"name":"wp","href":"https:\/\/api.w.org\/{rel}","templated":true}]}}